 second derivative of 3*r**5/20 - r**4/12 - r**3/2 - 3*r**2/2 - 100*r. Determine a(-2).
-25
Suppose -61 = 2*h - 65. Let a(f) = 2*f + 1. Determine a(h).
5
Suppose 11*b - 8 = 36. Let q(h) be the second derivative of -h**3 - 1/20*h**5 - 5*h + 0 + 3*h**2 + 1/2*h**b. Determine q(5).
1
Let j(f) be the third derivative of 5/6*f**3 + 0*f + 0 - 1/12*f**4 - 6*f**2 + 1/30*f**5. Let y(w) be the first derivative of j(w). What is y(2)?
6
Let l = 0 - 2. Let f(v) = -4*v**2 + 3*v - 87*v**3 + 85*v**3 + 0*v - 4*v - v. Give f(l).
4
Let y(t) = -t**2 + 14*t - 33. Let p be y(6). Let n be 4/(-10) - (-96)/p. Let h(a) = -a + 1. Determine h(n).
-5
Suppose 0 = -2*i + o + 11, 17 = 4*i - o - 2. Let s(v) be the third derivative of 0 + 0*v - 9*v**2 + 1/6*v**3 + 1/24*v**i + 1/60*v**5. What is s(0)?
1
Let o(t) be the third derivative of t**5/60 - t**4/6 - t**3/2 + 8*t**2 - 5. What is o(4)?
-3
Let m(p) = p**3 - 13*p**2 - 7*p + 1. Let c(d) = -d**3 + d**2 - d + 1. Let l(x) = 2*c(x) + m(x). Give l(-10).
-7
Let o(q) = -q - 10. Let d(z) = 3*z + 19. Let l(u) = -2*d(u) - 5*o(u). Suppose -4*w + 3 = 2*m + 1, 0 = -5*m + 3*w + 31. Calculate l(m).
7
Let a be -8 + 7 - (-3 - 0). Suppose a*n + 22 = w + 3*w, 2*w + 4*n = -4. Let s(t) = w*t**3 - t + 5*t**2 - 2 - t**3 - 4*t**3. Give s(2).
8
Let q(r) be the third derivative of -r**6/40 - r**5/60 - 7*r**2 - 2*r. Suppose -2 - 2 = 4*h. Determine q(h).
2
Let p(z) = 2*z + 1. Let w(t) = t**2 + 2*t + 1. Let h(q) = 5*p(q) + w(q). Give h(-5).
-29
Let v(h) be the third derivative of -h**5/60 + h**4/8 + h**3/3 - 3*h**2. Let c = 195 - 191. Calculate v(c).
-2
Let u(h) = h + 4. Let i be -4 - ((-16)/2 + 2). Suppose 5*z = 2*f - i, z + 3*f - 3 = 5*z. Give u(z).
4
Let n(x) = 4*x**3 + 14*x**2 - 11*x + 20. Let j(u) = 9*u**3 + 28*u**2 - 21*u + 41. Let c(k) = 3*j(k) - 7*n(k). Give c(-15).
-2
Let c(h) = -2*h + 4. Let k(u) = -u**3 + 15*u**2 - 2*u + 22. Let b be k(15). Let a be (-2)/(-8) + 294/(-24). Let m = a - b. Give c(m).
12
Let d be (22*(-3)/8)/((-1)/(-8)). Let r = -65 - d. Let l(s) be the first derivative of -s**2/2 - s + 1. Determine l(r).
-2
Let h be -10*1 + -1 + 7. Let z(l) = 2*l + 10. Calculate z(h).
2
Let l(t) = t + 10. Suppose 7*g - 6 = 9*g. Let k(n) = -3*n - 30. Let j(h) = g*k(h) - 8*l(h). Calculate j(-7).
3
Let r(s) = s**2 + 4*s + 8 + 0*s - 10. Let l be r(-5). Let b(c) = -1 + c**2 + 3*c**3 - 4*c**l - 4 + c. Determine b(0).
-5
Let m(x) be the second derivative of -x**3/6 - 5*x**2/2 - 13*x. Let a be m(-12). Let c(t) = -t**3 + 8*t**2 - 8*t + 3. Determine c(a).
-4
Suppose -12 = 3*r - q, 0 = q - 6*q. Let z(c) = -c**2 - 4*c - 1. Calculate z(r).
-1
Let j(o) be the first derivative of 1/60*o**5 + 5/3*o**3 - 1/360*o**6 - 1/12*o**4 + 0*o**2 + 4 + 0*o. Let w(h) be the third derivative of j(h). Determine w(3).
-5
Let u = 265 - 265. Let g(l) = -l + 1. Give g(u).
1
Suppose 13*l - 12*l + 2 = 0. Let w(a) = a**3 - a**2 - a + 6. Let p(j) = -3*j**3 + 2*j**2 + 3*j - 13. Let t(x) = l*p(x) - 5*w(x). What is t(0)?
-4
Let v(l) = l - 2. Let q(u) = u**2 + 1. Let i be q(0). Let g be (i + 0)/(5/(-10)). What is v(g)?
-4
Let p be 1 + (3 + -3 - 2). Let o be 6/(3/p + 4). Suppose -4*n - 4*g = o - 50, n - 26 = -4*g. Let d(j) = j**3 - 6*j**2 + j + 4. Determine d(n).
10
Let w(l) = 12 + 0*l**2 - l**2 + 6*l - 16 + 0*l**2. Let c = -91 + 95. Determine w(c).
4
Let y(n) = 66*n - 724. Let b be y(11). Let j(i) = -i + 2*i - 2*i. Determine j(b).
-2
Let y(z) be the third derivative of z**5/20 - z**4/12 + 7*z**3/6 + 19*z**2. Let f(n) = -4*n**2 + 2*n - 8. Let c(w) = 4*f(w) + 5*y(w). What is c(-3)?
0
Let a(j) = 2*j + 10. Let r be 2/5*(-39 + 24). Determine a(r).
-2
Let t(c) = -c**3 + 5*c**2 - c + 1. Let p = -1123 + 1128. Give t(p).
-4
Let i(h) = 0*h**2 + 7*h**2 + 3*h**3 - 7 - 4*h**3 + 11 + 8*h. Calculate i(8).
4
Suppose -944*n = -951*n - 14. Let j(b) = 3*b**2 + 2*b + 2. What is j(n)?
10
Suppose 4*n + 24 = 5*b, 3*n = 7*n - 4*b + 20. Let f(i) = 7*i**3 + 3*i**2 + 3*i + 1. Give f(n).
-6
Suppose 5 = -7*w + 6*w. Suppose 0*a + a = 4. Let t(k) = 0*k - a - 2 - 1 - 2*k. Calculate t(w).
3
Let r(b) = -4*b**2 - 8*b + 3. Suppose -3*d = 4 + 11. Let n(f) = 2*f**2 + 4*f - 2. Let m(v) = d*n(v) - 3*r(v). Let y be ((-4)/2)/(2/3). What is m(y)?
7
Let h(j) = 4*j - 28. Let l = -97 - -153. Let o(t) = 1. Let g(w) = 3. Let n(x) = 2*g(x) - 5*o(x). Let u(d) = l*n(d) + 2*h(d). Give u(-1).
-8
Let s be ((-6)/(-14))/(-12*9/(-1512)). Let i(y) = -y**2 + 2*y + 27. Calculate i(s).
3
Suppose -5*i - 5*r + 2*r + 23 = 0, 0 = -i - 2*r + 6. Let c(q) = q**3 - 4*q**2 - 2*q - 8. Give c(i).
-16
Let r be (-5)/((-40)/204) + (-2)/(-4). Let y = 29 - r. Let u(p) = p**3 - 2*p**2 - 2*p + 2. Give u(y).
5
Let n(h) = h - h + 1 + 2*h. Let t(l) = l**2 + 32*l + 243. Let u be t(-12). Calculate n(u).
7
Let c(q) = -q**2 + 4*q - 2. Let h(a) = 6*a**2 - 8*a - 9. Let i be h(-1). Give c(i).
-7
Let q(j) = 18*j**2 - 10*j**2 - 14*j**3 - 7*j**2. Suppose 3*a + 1 = 4. Calculate q(a).
-13
Let y be (-45)/(-20) + 2 + 1/(-4). Let l(q) = 5*q - 8. Give l(y).
12
Let r(o) = 2*o + 7. Let g be -4 + ((-10)/4 - 32/64). What is r(g)?
-7
Let o be 2/6 + 105/63. Let n(r) be the first derivative of -2 - 1/2*r**2 + r + r**3 - 1/4*r**4. Calculate n(o).
3
Let i be 48/27 + 10/45. Let u(y) = 2*y**i - 7*y - 2 + 0*y**2 - y**2 + 5*y**2 + y**3. Give u(-7).
-2
Suppose 0 = -5*t + 5*t - t. Suppose -2*q + r = -13, -5*q + 2*r - 10 + 40 = t. Let y(i) = i**2 - 4*i + 4. What is y(q)?
4
Let g(c) = 13*c**2 - c - 1. Let s(t) = t**3 - 8*t**2 - 6*t + 4. Let m be s(9). Let i = -32 + m. Determine g(i).
13
Let u(j) = -j**2 + 9*j - 7. Let p(t) = 4*t**2 + 2*t - 3. Let x be p(2). Suppose 0 = 5*q - x - 18. Give u(q).
7
Let r(d) be the third derivative of d**6/120 + d**5/15 - 7*d**4/24 - d**3/3 + 18*d**2. Let o = 5 - 2. Let g be (-12)/o + 2 + -3. Calculate r(g).
8
Let s(a) be the first derivative of a**5/20 + a**4/2 + a**3/6 + a**2/2 + a - 12. Let f(g) be the first derivative of s(g). Calculate f(-6).
-5
Let l = -12 - -9. Let c be l + -10*2/(-4). Let d(h) = -h - 2*h**2 - 2*h**3 - 1 + 3*h**2 - h**c - 3*h**2. Determine d(-2).
5
Let g be ((-28)/(-10)*5)/(-2). Let h(x) = -x**3 - 9*x**2 - 9*x + 2. Determine h(g).
-33
Suppose -10 = 2*l - 5*v, -4*v + 13 = 5*l - 7*v. Let g(s) be the first derivative of s**2/2 - 2*s - 2. Calculate g(l).
3
Let p = 15 - -13. Suppose -3*o - 20 + 0 = -2*a, 2*a = 5*o + p. Let h(f) = 4*f + 6. Give h(o).
-10
Suppose 33 = 4*l + 3*z, l + 3*z + 0*z = 15. Let u(b) = -l*b**3 + 42 - 3*b**2 + 7*b**3 + 2*b - 43. Calculate u(2).
-1
Let s(v) = v - 1. Let w(m) = 4*m - 10. Let j(d) = 3*s(d) - w(d). Suppose -90 + 11 = 44*i - 387. What is j(i)?
0
Let f(j) = 2*j + 55. Let g be (-45)/2 + -1 + (-95)/(-190). Calculate f(g).
9
Let p be (-4)/(-16) - 15/(-4). Suppose -6*q = -q + p*f + 13, f = -2. Let a(x) be the third derivative of -x**4/12 - x**3/6 + 21*x**2. Determine a(q).
1
Let k(y) be the first derivative of 1/2*y**2 + y**3 + 1/120*y**6 + 0*y + 2 + 1/12*y**5 - 1/24*y**4. Let p(h) be the second derivative of k(h). Calculate p(-5).
11
Let a = 12 + -11. Let v(k) = -51*k + 1 + 43*k - a. Let l(u) = -u**2 - 2*u + 1. Let y be l(-2). What is v(y)?
-8
Let h(s) be the third derivative of -s**6/40 - s**5/60 + s**4/24 - s**3/6 + 34*s**2. Let c be 0/(-2) - (-3 - -2). Calculate h(c).
-4
Suppose 3*h + 3*f - 77 = 8*h, 5*f + 5 = 0. Let n(g) = -g - 10. Let p be n(h). Let z(b) = b - 6. What is z(p)?
0
Suppose -v - 2*v - 40 = 4*p, -52 = 5*v + 3*p. Let b be 8/10 + 17*v/20. Let a(n) = -n. Give a(b).
6
Let k(c) be the first derivative of c**2/2 - 14*c - 4. Give k(12).
-2
Let s(x) = x**2 - 3*x. Suppose 5*c = 4*k + 30, 0 = 4*c - 5*k - 33. Suppose 0 = c*n - z - 3*z - 2, -2*n = -5*z. What is s(n)?
10
Let v(h) be the third derivative of 1/12*h**4 + 0 - 2/3*h**3 - 6*h**2 + 0*h. Determine v(6).
8
Let p(r) = -4*r. Let c(b) be the second derivative of b**4/12 - b**3/2 - 3*b**2 - 7*b. Let s be c(6). Suppose 0*o + s = -4*o. Give p(o).
12
Let i(q) = q**2 - 5*q + 2. Let m(l) = -7*l**2 + 30*l - 8. Let n(h) = -6*i(h) - m(h). Suppose -u - 2*w + 10 = 0, -u - 3*w = 1 - 16. Calculate n(u).
-4
Suppose w - 4 = 1. Suppose w*t - a - 26 = 0, 10 = t - 2*a - 3*a. Let d(s) be the second derivative of -s**5/20 + s**4/3 + s**3 + s**2/2 - 58*s. Give d(t).
6
Let l(h) = -14*h - 52. Let d(p) = -3*p - 10. Let x(i) = -11*d(i) + 2*l(i). Suppose 3*k - 15 = 0, 5*u = 5*k + 4 + 1.